{"id":92,"date":"2015-01-19T17:32:57","date_gmt":"2015-01-19T16:32:57","guid":{"rendered":"http:\/\/kvg-rheine.de\/wordpress\/?page_id=92"},"modified":"2026-02-20T12:26:59","modified_gmt":"2026-02-20T11:26:59","slug":"kollegium-der-kvg","status":"publish","type":"page","link":"https:\/\/www.kvg-rheine.de\/wordpress\/kollegium-der-kvg\/","title":{"rendered":"Kollegium der KvG"},"content":{"rendered":"<p style=\"text-align: left;\">Die Kardinal-von-Galen-Schule wird von <strong><span style=\"color: #99cc00;\">Herrn Koenen (Schulleiter),<\/span><\/strong> mit Unterst\u00fctzung von<strong><span style=\"color: #99cc00;\"> Frau B\u00fclter (stellv. Schulleitung), <\/span><\/strong>geleitet.<br \/>\nMit ihnen arbeiten zurzeit<strong><span style=\"color: #99cc00;\"> 11 Lehrerinnen, eine sozialp\u00e4dagogische Fachkraft, ein Semesterpraktikant<\/span><\/strong> und unser <span style=\"color: #99cc00;\"><strong>Schulhund Smirre<\/strong><\/span> im Team zusammen.<br \/>\nUnser <strong><span style=\"color: #99cc00;\">Hausmeister Herr Albers<\/span><\/strong> schaut t\u00e4glich in der Schule nach dem Rechten und unsere <strong><span style=\"color: #99cc00;\">Sekret\u00e4rin Frau Egelkamp<\/span><\/strong>&nbsp;k\u00fcmmert sich um alle anfallenden Arbeiten im B\u00fcro.<\/p>\n<div id='gallery-1' class='gallery galleryid-92 gallery-columns-3 gallery-size-thumbnail'><figure class='gallery-item'>\n\t\t\t<div class='gallery-icon landscape'>\n\t\t\t\t<a href='https:\/\/www.kvg-rheine.de\/wordpress\/1e2da4ba-138d-4bdb-b6ad-52da87cef857\/'><img loading=\"lazy\" decoding=\"async\" width=\"150\" height=\"150\" src=\"https:\/\/www.kvg-rheine.de\/wordpress\/wp-content\/uploads\/2025\/09\/1e2da4ba-138d-4bdb-b6ad-52da87cef857-150x150.jpg\" class=\"attachment-thumbnail size-thumbnail\" alt=\"\" \/><\/a>\n\t\t\t<\/div><\/figure>\n\t\t<\/div>\n\n<p style=\"text-align: left;\"><strong><span style=\"color: #99cc00;\">Team KvG 2025\/26<\/span><\/strong>: Frau Reckels, Herr Koenen, Frau St\u00f6ltje, Frau B\u00fclter, Frau Jan\u00dfen, Herr Albers, Frau Niehues, Frau Jochmaring, Frau Gebbe, Frau Egelkamp, Frau Wieneke, Frau Sommerkamp, Smirre, Frau Achternkamp, Frau Sickmann<\/p>\n<p style=\"text-align: left;\"><span style=\"font-size: 1rem;\">nicht auf dem Foto: Frau Aydin (Schulbegleitung), Frau W\u00fcnsche, Frau Schlath\u00f6lter<\/span><\/p>\n<p>&nbsp;<\/p>\n<div class=\"kollegium-grid\">\n<div class=\"kollegium-eintrag\">\n<div class=\"flip-card\">\n<div class=\"flip-inner\">\n<div class=\"flip-front\">\n            <img decoding=\"async\" src=\"https:\/\/www.kvg-rheine.de\/wordpress\/wp-content\/uploads\/2026\/02\/IMG_9231-scaled.jpeg\">\n         <\/div>\n<div class=\"flip-back\">\n            <img decoding=\"async\" src=\"https:\/\/www.kvg-rheine.de\/wordpress\/wp-content\/uploads\/2026\/02\/IMG_7167-scaled.jpeg\">\n         <\/div>\n<\/p><\/div>\n<\/p><\/div>\n<h3 class=\"kollegium-name\">Herr Koenen<\/h3>\n<\/div>\n<div class=\"kollegium-eintrag\">\n<div class=\"flip-card\">\n<div class=\"flip-inner\">\n<div class=\"flip-front\">\n            <img decoding=\"async\" src=\"https:\/\/www.kvg-rheine.de\/wordpress\/wp-content\/uploads\/2026\/01\/IMG_8769-scaled.jpg\">\n         <\/div>\n<div class=\"flip-back\">\n            <img decoding=\"async\" src=\"https:\/\/www.kvg-rheine.de\/wordpress\/wp-content\/uploads\/2026\/01\/IMG_7176-scaled.jpeg\">\n         <\/div>\n<\/p><\/div>\n<\/p><\/div>\n<h3 class=\"kollegium-name\">Frau B\u00fclter<\/h3>\n<\/div>\n<div class=\"kollegium-eintrag\">\n<div class=\"flip-card\">\n<div class=\"flip-inner\">\n<div class=\"flip-front\">\n            <img decoding=\"async\" src=\"https:\/\/www.kvg-rheine.de\/wordpress\/wp-content\/uploads\/2026\/01\/IMG_8767-scaled.jpg\">\n         <\/div>\n<div class=\"flip-back\">\n            <img decoding=\"async\" src=\"https:\/\/www.kvg-rheine.de\/wordpress\/wp-content\/uploads\/2026\/01\/IMG_7165-scaled.jpeg\">\n         <\/div>\n<\/p><\/div>\n<\/p><\/div>\n<h3 class=\"kollegium-name\">Frau Achternkamp<\/h3>\n<\/div>\n<div class=\"kollegium-eintrag\">\n<div class=\"flip-card\" onclick=\"this.classList.toggle('flip')\">\n<div class=\"flip-inner\">\n<div class=\"flip-front\">\n        <img decoding=\"async\" src=\"https:\/\/www.kvg-rheine.de\/wordpress\/wp-content\/uploads\/2026\/01\/IMG_8766-scaled.jpg\" alt=\"Sch\u00fclerbild Frau Sickmann\">\n      <\/div>\n<div class=\"flip-back\">\n        <img decoding=\"async\" src=\"https:\/\/www.kvg-rheine.de\/wordpress\/wp-content\/uploads\/2026\/01\/IMG_7173-scaled.jpeg\" alt=\"Foto Frau Sickmann\">\n      <\/div>\n<\/p><\/div>\n<\/p><\/div>\n<div class=\"kollegium-name\">\n    Frau Sickmann\n  <\/div>\n<\/div>\n<div class=\"kollegium-eintrag\">\n<div class=\"flip-card\" onclick=\"this.classList.toggle('flip')\">\n<div class=\"flip-inner\">\n<div class=\"flip-front\">\n        <img decoding=\"async\" src=\"https:\/\/www.kvg-rheine.de\/wordpress\/wp-content\/uploads\/2026\/02\/IMG_9224-1-scaled.jpeg\" alt=\"Sch\u00fclerbild Frau Niehues\">\n      <\/div>\n<div class=\"flip-back\">\n        <img decoding=\"async\" src=\"https:\/\/www.kvg-rheine.de\/wordpress\/wp-content\/uploads\/2026\/02\/IMG_7174-scaled.jpeg\" alt=\"Foto Frau Niehues\">\n      <\/div>\n<\/p><\/div>\n<\/p><\/div>\n<div class=\"kollegium-name\">\n    Frau Niehues\n  <\/div>\n<\/div>\n<div class=\"kollegium-eintrag\">\n<div class=\"flip-card\" onclick=\"this.classList.toggle('flip')\">\n<div class=\"flip-inner\">\n<div class=\"flip-front\">\n        <img decoding=\"async\" src=\"https:\/\/www.kvg-rheine.de\/wordpress\/wp-content\/uploads\/2026\/02\/IMG_9227-scaled.jpeg\" alt=\"Sch\u00fclerbild Frau Reckels\">\n      <\/div>\n<div class=\"flip-back\">\n        <img decoding=\"async\" src=\"https:\/\/www.kvg-rheine.de\/wordpress\/wp-content\/uploads\/2026\/02\/IMG_7169-scaled.jpeg\" alt=\"Foto Frau Reckels\">\n      <\/div>\n<\/p><\/div>\n<\/p><\/div>\n<div class=\"kollegium-name\">\n    Frau Reckels\n  <\/div>\n<\/div>\n<div class=\"kollegium-eintrag\">\n<div class=\"flip-card\" onclick=\"this.classList.toggle('flip')\">\n<div class=\"flip-inner\">\n<div class=\"flip-front\">\n        <img decoding=\"async\" src=\"https:\/\/www.kvg-rheine.de\/wordpress\/wp-content\/uploads\/2026\/02\/IMG_9226-scaled.jpeg\" alt=\"Sch\u00fclerbild Frau Wieneke\">\n      <\/div>\n<div class=\"flip-back\">\n        <img decoding=\"async\" src=\"https:\/\/www.kvg-rheine.de\/wordpress\/wp-content\/uploads\/2026\/02\/IMG_7160-scaled.jpeg\" alt=\"Foto Frau Wieneke\">\n      <\/div>\n<\/p><\/div>\n<\/p><\/div>\n<div class=\"kollegium-name\">\n    Frau Wieneke\n  <\/div>\n<\/div>\n<div class=\"kollegium-eintrag\">\n<div class=\"flip-card\" onclick=\"this.classList.toggle('flip')\">\n<div class=\"flip-inner\">\n<div class=\"flip-front\">\n        <img decoding=\"async\" src=\"https:\/\/www.kvg-rheine.de\/wordpress\/wp-content\/uploads\/2026\/02\/IMG_9228-scaled.jpeg\" alt=\"Sch\u00fclerbild Frau Sommerkamp\">\n      <\/div>\n<div class=\"flip-back\">\n        <img decoding=\"async\" src=\"https:\/\/www.kvg-rheine.de\/wordpress\/wp-content\/uploads\/2026\/02\/IMG_7166-scaled.jpeg\" alt=\"Foto Frau Sommerkamp\">\n      <\/div>\n<\/p><\/div>\n<\/p><\/div>\n<div class=\"kollegium-name\">\n    Frau Sommerkamp\n  <\/div>\n<\/div>\n<div class=\"kollegium-eintrag\">\n<div class=\"flip-card\" onclick=\"this.classList.toggle('flip')\">\n<div class=\"flip-inner\">\n<div class=\"flip-front\">\n        <img decoding=\"async\" src=\"https:\/\/www.kvg-rheine.de\/wordpress\/wp-content\/uploads\/2026\/02\/IMG_9229-scaled.jpeg\" alt=\"Sch\u00fclerbild Frau Gebbe\">\n      <\/div>\n<div class=\"flip-back\">\n        <img decoding=\"async\" src=\"https:\/\/www.kvg-rheine.de\/wordpress\/wp-content\/uploads\/2026\/02\/IMG_7158-scaled.jpeg\" alt=\"Foto Frau Gebbe\">\n      <\/div>\n<\/p><\/div>\n<\/p><\/div>\n<div class=\"kollegium-name\">\n    Frau Gebbe\n  <\/div>\n<\/div>\n","protected":false},"excerpt":{"rendered":"<p>Die Kardinal-von-Galen-Schule wird von Herrn Koenen (Schulleiter), mit Unterst\u00fctzung von Frau B\u00fclter (stellv. Schulleitung), geleitet. Mit ihnen arbeiten zurzeit 11 Lehrerinnen, eine sozialp\u00e4dagogische Fachkraft, ein Semesterpraktikant und unser Schulhund Smirre <a class=\"read-more\" href=\"https:\/\/www.kvg-rheine.de\/wordpress\/kollegium-der-kvg\/\">... weiterlesen <span class=\"meta-nav\">&rarr;<\/span><\/a><\/p>\n","protected":false},"author":1,"featured_media":0,"parent":0,"menu_order":0,"comment_status":"closed","ping_status":"closed","template":"","meta":{"ngg_post_thumbnail":0,"footnotes":""},"class_list":["post-92","page","type-page","status-publish","hentry"],"_links":{"self":[{"href":"https:\/\/www.kvg-rheine.de\/wordpress\/wp-json\/wp\/v2\/pages\/92","targetHints":{"allow":["GET"]}}],"collection":[{"href":"https:\/\/www.kvg-rheine.de\/wordpress\/wp-json\/wp\/v2\/pages"}],"about":[{"href":"https:\/\/www.kvg-rheine.de\/wordpress\/wp-json\/wp\/v2\/types\/page"}],"author":[{"embeddable":true,"href":"https:\/\/www.kvg-rheine.de\/wordpress\/wp-json\/wp\/v2\/users\/1"}],"replies":[{"embeddable":true,"href":"https:\/\/www.kvg-rheine.de\/wordpress\/wp-json\/wp\/v2\/comments?post=92"}],"version-history":[{"count":83,"href":"https:\/\/www.kvg-rheine.de\/wordpress\/wp-json\/wp\/v2\/pages\/92\/revisions"}],"predecessor-version":[{"id":6268,"href":"https:\/\/www.kvg-rheine.de\/wordpress\/wp-json\/wp\/v2\/pages\/92\/revisions\/6268"}],"wp:attachment":[{"href":"https:\/\/www.kvg-rheine.de\/wordpress\/wp-json\/wp\/v2\/media?parent=92"}],"curies":[{"name":"wp","href":"https:\/\/api.w.org\/{rel}","templated":true}]}}