{"id":34,"date":"2015-01-12T21:07:59","date_gmt":"2015-01-12T20:07:59","guid":{"rendered":"http:\/\/kvg-rheine.de\/wordpress\/?page_id=34"},"modified":"2023-11-30T13:14:31","modified_gmt":"2023-11-30T12:14:31","slug":"foerderverein","status":"publish","type":"page","link":"https:\/\/www.kvg-rheine.de\/wordpress\/foerderverein\/","title":{"rendered":"F\u00f6rderverein der KvG"},"content":{"rendered":"<p style=\"text-align: left;\" align=\"center\">Im Mai 1996 wurde der<strong><span style=\"color: #99cc00;\"> F\u00f6rderverein der Kardinal-von-Galen-Schule<\/span><\/strong> gegr\u00fcndet. Wir haben es uns zur Aufgabe gemacht, wichtige Projekte, Vorhaben und Materialien, f\u00fcr die sonst keine Mittel zur Verf\u00fcgung stehen, zu finanzieren und zu unterst\u00fctzen. Au\u00dferdem m\u00f6chte der Verein die Zusammenarbeit zwischen Schule, Eltern, Kindern und Freunden der Schule f\u00f6rdern.<\/p>\n<p style=\"text-align: left;\" align=\"center\">Finanziert und unterst\u00fctzt wurden u. a. <strong><span style=\"color: #99cc00;\">folgende Projekte<\/span><\/strong>: Kletterpyramide - Fu\u00dfballtore - Pausenspielzeug - Kunstprojekt - Lichtanlage - Headset - mobile Leinwand - Elterntheater f\u00fcr die Kinder - Computer - Schulwanderungen\/ Busfahrten - Theaterfahrten - Balltrichter auf dem Schulhof - Schlittschuhlaufen - Floorballkurs - Theatervorhang ...<\/p>\n<p style=\"text-align: left;\" align=\"center\">Wir w\u00fcnschen uns Unterst\u00fctzung von allen Eltern und Interessierten, z. B. durch tatkr\u00e4ftige Mithilfe bei Arbeitseins\u00e4tzen und\/oder der Mitgestaltung von Festen oder Veranstaltungen. Wir sammeln Anregungen und Vorschl\u00e4ge f\u00fcr das neue Vereinsjahr und w\u00fcnschen uns viele neue Mitglieder, gut besuchte Versammlungen und zufriedene Kinder.<\/p>\n<p class=\"Stil3 Stil4\" style=\"text-align: left;\" align=\"center\"><strong><span style=\"color: #99cc00;\">Tragen auch Sie dazu bei! <\/span><\/strong><\/p>\n<p class=\"Stil3 Stil4\" style=\"text-align: left;\" align=\"center\">Werden Sie <strong><span style=\"color: #99cc00;\">Mitglied im F\u00f6rderverein<\/span><\/strong>! Gern sind auch einmalige Spenden willkommen. Kontakt zum F\u00f6rderverein erhalten Sie \u00fcber die Schule.<\/p>\n<p style=\"text-align: center;\" align=\"center\"><strong><span style=\"color: #99cc00;\">Der Vorstand 2023\/2024<\/span><\/strong><br \/>\n1. Vorsitzender: <strong>Thorsten Dagge<\/strong><br \/>\n2. Vorsitzender: <strong>Sven Blank<\/strong><br \/>\nKassierer: <strong>Matthias Smeddinck<\/strong><br \/>\nSchriftf\u00fchrerin:<strong> Kerstin Schulte<\/strong><br \/>\nSchulleiter: <strong>Christoph Koenen<\/strong><\/p>\n<p><a href=\"https:\/\/www.kvg-rheine.de\/wordpress\/wp-content\/uploads\/2023\/10\/IMG-20231023-WA0004.jpg\"><img loading=\"lazy\" decoding=\"async\" class=\"wp-image-4918 aligncenter\" src=\"https:\/\/www.kvg-rheine.de\/wordpress\/wp-content\/uploads\/2023\/10\/IMG-20231023-WA0004-225x300.jpg\" alt=\"F\u00f6rderverein Versammlung im September 2023\" width=\"201\" height=\"268\" srcset=\"https:\/\/www.kvg-rheine.de\/wordpress\/wp-content\/uploads\/2023\/10\/IMG-20231023-WA0004-225x300.jpg 225w, https:\/\/www.kvg-rheine.de\/wordpress\/wp-content\/uploads\/2023\/10\/IMG-20231023-WA0004-768x1024.jpg 768w, https:\/\/www.kvg-rheine.de\/wordpress\/wp-content\/uploads\/2023\/10\/IMG-20231023-WA0004-1152x1536.jpg 1152w, https:\/\/www.kvg-rheine.de\/wordpress\/wp-content\/uploads\/2023\/10\/IMG-20231023-WA0004-960x1280.jpg 960w, https:\/\/www.kvg-rheine.de\/wordpress\/wp-content\/uploads\/2023\/10\/IMG-20231023-WA0004.jpg 1536w\" sizes=\"auto, (max-width: 201px) 100vw, 201px\" \/><\/a><\/p>\n<p style=\"text-align: center;\" align=\"center\">v.l.: Herr Smeddinck, Herr Lauk\u00f6tter (ehemaliger 1. Vorsitzender), Herr Dagge,<br \/>\nFrau Schulte, Herr Koenen, Herr Blank fehlt<\/p>\n<p align=\"center\">&nbsp;<\/p>\n<h2 class=\"Stil3 Stil4\" style=\"text-align: center;\" align=\"center\"><a href=\"https:\/\/www.kvg-rheine.de\/wordpress\/foerderverein-formular\/\"><span style=\"color: #993300;\"><strong>Beitrittserkl\u00e4rung<\/strong><\/span><span style=\"color: #993300;\"><strong> F\u00f6rderverein online<\/strong><\/span><\/a><\/h2>\n<p class=\"Stil3 Stil4\" style=\"text-align: center;\" align=\"center\"><a href=\"https:\/\/www.kvg-rheine.de\/wordpress\/wp-content\/uploads\/2016\/07\/Beitrittserkl\u00e4rung-F\u00f6rderverein-KvG.pdf\">Formular Beitrittserkl\u00e4rung F\u00f6rderverein als Download<\/a><\/p>\n<p class=\"Stil3 Stil5\" align=\"center\"><span style=\"color: #808080;\">Bankverbindung :<\/span><\/p>\n<p class=\"Stil3 Stil5\" align=\"center\"><span style=\"color: #808080;\">F\u00f6rderverein KvG<\/span><br \/>\n<span style=\"color: #808080;\"> Stadtsparkasse Dorenkamp<\/span><br \/>\n<span style=\"color: #808080;\"> Kto. Nr. 8 76 76 - IBAN DE 84 40350005 0000087676<\/span><br \/>\n<span style=\"color: #808080;\"> Stadtsparkasse Rheine BLZ 403 500 05<\/span><\/p>\n<p class=\"Stil3 Stil5\" align=\"center\">\n<div class=\"wpcf7 no-js\" id=\"wpcf7-f1534-o1\" lang=\"de-DE\" dir=\"ltr\" data-wpcf7-id=\"1534\">\n<div class=\"screen-reader-response\"><p role=\"status\" aria-live=\"polite\" aria-atomic=\"true\"><\/p> <ul><\/ul><\/div>\n<form action=\"\/wordpress\/wp-json\/wp\/v2\/pages\/34#wpcf7-f1534-o1\" method=\"post\" class=\"wpcf7-form init\" aria-label=\"Kontaktformular\" novalidate=\"novalidate\" data-status=\"init\">\n<fieldset class=\"hidden-fields-container\"><input type=\"hidden\" name=\"_wpcf7\" value=\"1534\" \/><input type=\"hidden\" name=\"_wpcf7_version\" value=\"6.1.5\" \/><input type=\"hidden\" name=\"_wpcf7_locale\" value=\"de_DE\" \/><input type=\"hidden\" name=\"_wpcf7_unit_tag\" value=\"wpcf7-f1534-o1\" \/><input type=\"hidden\" name=\"_wpcf7_container_post\" value=\"0\" \/><input type=\"hidden\" name=\"_wpcf7_posted_data_hash\" value=\"\" \/>\n<\/fieldset>\n<p><label> Ihr Name (Pflichtfeld)<br \/>\n<span class=\"wpcf7-form-control-wrap\" data-name=\"your-name\"><input size=\"40\" maxlength=\"400\" class=\"wpcf7-form-control wpcf7-text wpcf7-validates-as-required\" aria-required=\"true\" aria-invalid=\"false\" value=\"\" type=\"text\" name=\"your-name\" \/><\/span> <\/label>\n<\/p>\n<p><label> Ihre E-Mail-Adresse (Pflichtfeld)<br \/>\n<span class=\"wpcf7-form-control-wrap\" data-name=\"your-email\"><input size=\"40\" maxlength=\"400\" class=\"wpcf7-form-control wpcf7-email wpcf7-validates-as-required wpcf7-text wpcf7-validates-as-email\" aria-required=\"true\" aria-invalid=\"false\" value=\"\" type=\"email\" name=\"your-email\" \/><\/span> <\/label>\n<\/p>\n<p><label> Betreff<br \/>\n<span class=\"wpcf7-form-control-wrap\" data-name=\"your-subject\"><input size=\"40\" maxlength=\"400\" class=\"wpcf7-form-control wpcf7-text\" aria-invalid=\"false\" value=\"\" type=\"text\" name=\"your-subject\" \/><\/span> <\/label>\n<\/p>\n<p><label> Ihre Nachricht<br \/>\n<span class=\"wpcf7-form-control-wrap\" data-name=\"your-message\"><textarea cols=\"40\" rows=\"10\" maxlength=\"2000\" class=\"wpcf7-form-control wpcf7-textarea\" aria-invalid=\"false\" name=\"your-message\"><\/textarea><\/span> <\/label>\n<\/p>\n<p><input class=\"wpcf7-form-control wpcf7-submit has-spinner\" type=\"submit\" value=\"Senden\" \/>\n<\/p><div class=\"wpcf7-response-output\" aria-hidden=\"true\"><\/div>\n<\/form>\n<\/div>\n<\/p>\n","protected":false},"excerpt":{"rendered":"<p>Im Mai 1996 wurde der F\u00f6rderverein der Kardinal-von-Galen-Schule gegr\u00fcndet. Wir haben es uns zur Aufgabe gemacht, wichtige Projekte, Vorhaben und Materialien, f\u00fcr die sonst keine Mittel zur Verf\u00fcgung stehen, zu <a class=\"read-more\" href=\"https:\/\/www.kvg-rheine.de\/wordpress\/foerderverein\/\">... weiterlesen <span class=\"meta-nav\">&rarr;<\/span><\/a><\/p>\n","protected":false},"author":1,"featured_media":0,"parent":0,"menu_order":0,"comment_status":"closed","ping_status":"closed","template":"","meta":{"ngg_post_thumbnail":0,"footnotes":""},"class_list":["post-34","page","type-page","status-publish","hentry"],"_links":{"self":[{"href":"https:\/\/www.kvg-rheine.de\/wordpress\/wp-json\/wp\/v2\/pages\/34","targetHints":{"allow":["GET"]}}],"collection":[{"href":"https:\/\/www.kvg-rheine.de\/wordpress\/wp-json\/wp\/v2\/pages"}],"about":[{"href":"https:\/\/www.kvg-rheine.de\/wordpress\/wp-json\/wp\/v2\/types\/page"}],"author":[{"embeddable":true,"href":"https:\/\/www.kvg-rheine.de\/wordpress\/wp-json\/wp\/v2\/users\/1"}],"replies":[{"embeddable":true,"href":"https:\/\/www.kvg-rheine.de\/wordpress\/wp-json\/wp\/v2\/comments?post=34"}],"version-history":[{"count":52,"href":"https:\/\/www.kvg-rheine.de\/wordpress\/wp-json\/wp\/v2\/pages\/34\/revisions"}],"predecessor-version":[{"id":5059,"href":"https:\/\/www.kvg-rheine.de\/wordpress\/wp-json\/wp\/v2\/pages\/34\/revisions\/5059"}],"wp:attachment":[{"href":"https:\/\/www.kvg-rheine.de\/wordpress\/wp-json\/wp\/v2\/media?parent=34"}],"curies":[{"name":"wp","href":"https:\/\/api.w.org\/{rel}","templated":true}]}}

Förderverein der KvG

<p style="text-align: left;" align="center">Im Mai 1996 wurde der<strong><span style="color: #99cc00;"> Förderverein der Kardinal-von-Galen-Schule</span></strong> gegründet. Wir haben es uns zur Aufgabe gemacht, wichtige Projekte, Vorhaben und Materialien, für die sonst keine Mittel zur Verfügung stehen, zu finanzieren und zu unterstützen. Außerdem möchte der Verein die Zusammenarbeit zwischen Schule, Eltern, Kindern und Freunden der Schule fördern.</p>
<p style="text-align: left;" align="center">Finanziert und unterstützt wurden u. a. <strong><span style="color: #99cc00;">folgende Projekte</span></strong>: Kletterpyramide - Fußballtore - Pausenspielzeug - Kunstprojekt - Lichtanlage - Headset - mobile Leinwand - Elterntheater für die Kinder - Computer - Schulwanderungen/ Busfahrten - Theaterfahrten - Balltrichter auf dem Schulhof - Schlittschuhlaufen - Floorballkurs - Theatervorhang ...</p>
<p style="text-align: left;" align="center">Wir wünschen uns Unterstützung von allen Eltern und Interessierten, z. B. durch tatkräftige Mithilfe bei Arbeitseinsätzen und/oder der Mitgestaltung von Festen oder Veranstaltungen. Wir sammeln Anregungen und Vorschläge für das neue Vereinsjahr und wünschen uns viele neue Mitglieder, gut besuchte Versammlungen und zufriedene Kinder.</p>
<p class="Stil3 Stil4" style="text-align: left;" align="center"><strong><span style="color: #99cc00;">Tragen auch Sie dazu bei! </span></strong></p>
<p class="Stil3 Stil4" style="text-align: left;" align="center">Werden Sie <strong><span style="color: #99cc00;">Mitglied im Förderverein</span></strong>! Gern sind auch einmalige Spenden willkommen. Kontakt zum Förderverein erhalten Sie über die Schule.</p>
<p style="text-align: center;" align="center"><strong><span style="color: #99cc00;">Der Vorstand 2023/2024</span></strong><br />
1. Vorsitzender: <strong>Thorsten Dagge</strong><br />
2. Vorsitzender: <strong>Sven Blank</strong><br />
Kassierer: <strong>Matthias Smeddinck</strong><br />
Schriftführerin:<strong> Kerstin Schulte</strong><br />
Schulleiter: <strong>Christoph Koenen</strong></p>
<p><a href="https://www.kvg-rheine.de/wordpress/wp-content/uploads/2023/10/IMG-20231023-WA0004.jpg"><img loading="lazy" decoding="async" class="wp-image-4918 aligncenter" src="https://www.kvg-rheine.de/wordpress/wp-content/uploads/2023/10/IMG-20231023-WA0004-225x300.jpg" alt="Förderverein Versammlung im September 2023" width="201" height="268" srcset="https://www.kvg-rheine.de/wordpress/wp-content/uploads/2023/10/IMG-20231023-WA0004-225x300.jpg 225w, https://www.kvg-rheine.de/wordpress/wp-content/uploads/2023/10/IMG-20231023-WA0004-768x1024.jpg 768w, https://www.kvg-rheine.de/wordpress/wp-content/uploads/2023/10/IMG-20231023-WA0004-1152x1536.jpg 1152w, https://www.kvg-rheine.de/wordpress/wp-content/uploads/2023/10/IMG-20231023-WA0004-960x1280.jpg 960w, https://www.kvg-rheine.de/wordpress/wp-content/uploads/2023/10/IMG-20231023-WA0004.jpg 1536w" sizes="auto, (max-width: 201px) 100vw, 201px" /></a></p>
<p style="text-align: center;" align="center">v.l.: Herr Smeddinck, Herr Laukötter (ehemaliger 1. Vorsitzender), Herr Dagge,<br />
Frau Schulte, Herr Koenen, Herr Blank fehlt</p>
<p align="center">&nbsp;</p>
<h2 class="Stil3 Stil4" style="text-align: center;" align="center"><a href="https://www.kvg-rheine.de/wordpress/foerderverein-formular/"><span style="color: #993300;"><strong>Beitrittserklärung</strong></span><span style="color: #993300;"><strong> Förderverein online</strong></span></a></h2>
<p class="Stil3 Stil4" style="text-align: center;" align="center"><a href="https://www.kvg-rheine.de/wordpress/wp-content/uploads/2016/07/Beitrittserklärung-Förderverein-KvG.pdf">Formular Beitrittserklärung Förderverein als Download</a></p>
<p class="Stil3 Stil5" align="center"><span style="color: #808080;">Bankverbindung :</span></p>
<p class="Stil3 Stil5" align="center"><span style="color: #808080;">Förderverein KvG</span><br />
<span style="color: #808080;"> Stadtsparkasse Dorenkamp</span><br />
<span style="color: #808080;"> Kto. Nr. 8 76 76 - IBAN DE 84 40350005 0000087676</span><br />
<span style="color: #808080;"> Stadtsparkasse Rheine BLZ 403 500 05</span></p>
<p class="Stil3 Stil5" align="center">
<div class="wpcf7 no-js" id="wpcf7-f1534-o1" lang="de-DE" dir="ltr" data-wpcf7-id="1534">
<div class="screen-reader-response"><p role="status" aria-live="polite" aria-atomic="true"></p> <ul></ul></div>
<form action="/wordpress/wp-json/wp/v2/pages/34#wpcf7-f1534-o1" method="post" class="wpcf7-form init" aria-label="Kontaktformular" novalidate="novalidate" data-status="init">
<fieldset class="hidden-fields-container"><input type="hidden" name="_wpcf7" value="1534" /><input type="hidden" name="_wpcf7_version" value="6.1.5" /><input type="hidden" name="_wpcf7_locale" value="de_DE" /><input type="hidden" name="_wpcf7_unit_tag" value="wpcf7-f1534-o1" /><input type="hidden" name="_wpcf7_container_post" value="0" /><input type="hidden" name="_wpcf7_posted_data_hash" value="" />
</fieldset>
<p><label> Ihr Name (Pflichtfeld)<br />
<span class="wpcf7-form-control-wrap" data-name="your-name"><input size="40" maxlength="400" class="wpcf7-form-control wpcf7-text wpcf7-validates-as-required" aria-required="true" aria-invalid="false" value="" type="text" name="your-name" /></span> </label>
</p>
<p><label> Ihre E-Mail-Adresse (Pflichtfeld)<br />
<span class="wpcf7-form-control-wrap" data-name="your-email"><input size="40" maxlength="400" class="wpcf7-form-control wpcf7-email wpcf7-validates-as-required wpcf7-text wpcf7-validates-as-email" aria-required="true" aria-invalid="false" value="" type="email" name="your-email" /></span> </label>
</p>
<p><label> Betreff<br />
<span class="wpcf7-form-control-wrap" data-name="your-subject"><input size="40" maxlength="400" class="wpcf7-form-control wpcf7-text" aria-invalid="false" value="" type="text" name="your-subject" /></span> </label>
</p>
<p><label> Ihre Nachricht<br />
<span class="wpcf7-form-control-wrap" data-name="your-message"><textarea cols="40" rows="10" maxlength="2000" class="wpcf7-form-control wpcf7-textarea" aria-invalid="false" name="your-message"></textarea></span> </label>
</p>
<p><input class="wpcf7-form-control wpcf7-submit has-spinner" type="submit" value="Senden" />
</p><div class="wpcf7-response-output" aria-hidden="true"></div>
</form>
</div>
</p>

<p>Im Mai 1996 wurde der Förderverein der Kardinal-von-Galen-Schule gegründet. Wir haben es uns zur Aufgabe gemacht, wichtige Projekte, Vorhaben und Materialien, für die sonst keine Mittel zur Verfügung stehen, zu <a class="read-more" href="https://www.kvg-rheine.de/wordpress/foerderverein/">... weiterlesen <span class="meta-nav">&rarr;</span></a></p>
